*y + 2*s = -2130, -253 = -p*y + 5*s + 620. What is the hundreds digit of y?
4
Suppose -99*i = 45*i - 50976. What is the tens digit of i?
5
Let d be (-54)/(-81) - (-4670)/(-3). Let t = 2193 + d. What is the tens digit of t?
3
Let c(z) = -z**2 + 5*z + 19. Let j be c(6). Let u(r) = 6*r - 30. What is the tens digit of u(j)?
4
Let g be -1*(-28)/(-8)*(3 + -1417). Suppose -921*c - g = -928*c. What is the units digit of c?
7
Let t(h) = 15*h**2 + 5*h - 3. Let l(k) = 2*k**2 - k - 1. Let y be l(3). Let w = 10 - y. What is the units digit of t(w)?
7
Suppose 76*u - 15920 = 84*u. Let b = -1067 - u. What is the units digit of b?
3
Suppose 4*c + 11909 = 4*x - 14807, -2*x + c = -13356. What is the hundreds digit of x?
6
Suppose -17*n = -18*n + 9. Let f be (6 - 2)*n/6*1. Suppose 474 - 60 = f*x. What is the units digit of x?
9
Let s be ((-1355)/35)/(-2*(-3)/(-42)). Suppose 5124 = 4*l + 2*u, l - 3*u = -s + 1559. What is the units digit of l?
2
Let g(m) = m**2 + 7*m + 12. Let j be g(-3). Suppose 7*k + 118 + 57 = j. Let a(l) = -7*l - 30. What is the tens digit of a(k)?
4
What is the thousands digit of (((-11428)/(-6))/(-2))/(121/(-1815))?
4
Let u(t) = -28*t**2 - 11*t - 47. Let s(q) = -27*q**2 - 9*q - 46. Let a(w) = -4*s(w) + 3*u(w). What is the hundreds digit of a(-6)?
8
Let r(d) = 17*d**2 + 64*d - 101. What is the units digit of r(-11)?
2
Let d(j) = -j**2 - 7*j - 4. Let b be d(-6). Suppose 4*s + 250 + 228 = 5*a, b*a + 2*s - 202 = 0. What is the tens digit of (4 + -5 - 0) + a?
9
Let k(t) = 784*t - 2611. What is the units digit of k(24)?
5
Suppose -335 = 2*w - 1275. Let t = w + -266. What is the hundreds digit of t?
2
Let n(l) = -l**2 + 2*l + 3. Let o be n(0). Let s be (3 + 0 - o) + 0. What is the tens digit of (-74)/(2 + -3 + s)?
7
Suppose 15*z - 9378 - 3161 - 20551 = 0. What is the tens digit of z?
0
Let h be (-4)/(-16) + 0 - (-13)/(-4). What is the tens digit of (h/(18/(-57)))/((-7)/(-574))?
7
Suppose -42 = -47*y + 48*y. Let g = 483 + y. Let z = g + -208. What is the units digit of z?
3
What is the units digit of 2964*((-116)/(-261))/(8/114)?
2
Let p = 46561 + -37326. What is the thousands digit of p?
9
Suppose -o + r - 507 = -3*o, -3*r + 15 = 0. Suppose -12 = 3*c, 4*d - o = 2*c + 265. What is the tens digit of d?
2
Suppose -107 + 287 = 9*g. What is the tens digit of g?
2
Let z(q) = -2*q + 40. Suppose t - h = 10 - 2, -4*t = 2*h - 50. Suppose 5*y - 5*o - 14 = t, 2*y - o = 10. What is the units digit of z(y)?
0
Let l = 317 - 315. Suppose -4*t - 3*q = -2265, -3*q = -3*t - l*q + 1715. What is the units digit of t?
0
What is the units digit of (20/25)/(-6 - 520624/(-86770))?
4
Let p = -138 - -123. What is the tens digit of 25432/165 + 2/p?
5
Suppose 5*u - 41 = 4*d, -6*d = -8*d - 8. Suppose 0 = 3*b - b - 4. Suppose 5*h - 1195 = 2*t, -b*h + u*t + 499 = -0*h. What is the tens digit of h?
3
Let s be 232 - (1 - (0 - 0)). Let l = -724 + 811. Let m = s - l. What is the tens digit of m?
4
Let o(y) = -2*y**2 - 17*y - 8. Let f be o(-7). Suppose h + 5*z = 23, -3*h - f - 8 = -3*z. What is the tens digit of (h + 374)*10/20?
8
What is the tens digit of (-4)/14 - ((-30)/84*32702 - 4)?
8
Let a(t) = 2*t**3 - 16*t**2 + 26*t - 84. What is the units digit of a(12)?
0
Let q(w) = -15*w - 56 + 2*w - 40*w - 8*w. Let d be q(-8). Suppose 308 = 5*i - d. What is the hundreds digit of i?
1
Let p = -6032 + 20099. What is the hundreds digit of p?
0
Suppose -109 = 2*m + 273. Let z = 1057 - m. What is the hundreds digit of z?
2
Suppose -9*l + 30 = -3*l. Let h be (-324 - 2)*l/(-10). Suppose 4*k - 2*s - 174 = 0, -5*s + h = k + 2*k. What is the tens digit of k?
4
Suppose -18*r + 3*l = -20*r + 295, -4*r + 595 = l. Suppose 2*g = 5*i + 580 + r, 0 = 3*i - 15. What is the units digit of g?
7
Let b(j) = j**3 - 5*j**2 + 12*j - 58. Let l = -564 + 576. What is the units digit of b(l)?
4
Let t(b) = b**2 + 5*b - 7. Let p = -72 - -68. Let i(x) = x**2 + 4*x - 6. Let r(q) = p*t(q) + 5*i(q). What is the tens digit of r(-7)?
4
Let c = 5175 - 2872. Suppose 0 = -9*x + 2*x + c. What is the tens digit of x?
2
What is the thousands digit of 132/(-220) + 70558/5?
4
Suppose -13*w = -17*w + 4*g + 32772, -5*w + 40983 = g. What is the tens digit of w?
9
Let a(k) = k - 21. Let d be a(17). Let c(v) = -33*v - 1. What is the hundreds digit of c(d)?
1
Let u(o) = -2028*o - 22. What is the hundreds digit of u(-2)?
0
Let j be -2 + 678/1 + -1. Let n(x) = -96*x + 869. Let m be n(9). Suppose -2*v + v = 3*y - 151, -m*v = -y - j. What is the tens digit of v?
3
Let y(l) = 3*l - 5 - 4 - 3*l**2 + 4 + l**3. Let f be y(3). What is the tens digit of 130/f - (-14)/(-28)?
3
Let c be (-2)/((-16)/(-6))*-92. Suppose -85*x = -c*x - 13776. What is the units digit of x?
1
Let u(y) = -y**3 + 10*y + 3. Let c be u(-7). Let a = 403 - c. What is the tens digit of a - (1 + 7 - 4)?
2
Let z be 4*1 + (296 - 0/2). Let b = z - 157. Suppose 123 = -h + b. What is the tens digit of h?
2
Suppose -5*w = -n + 2*n - 16, -2*w - 4 = 3*n. Suppose 0 = -w*i + a + 2553, -2081 = -3*i + 3*a - 155. What is the hundreds digit of i?
6
Suppose -7*f = -0 - 14. Suppose -2*p - v + 4 = 0, -4*p = 3*v - 2 - f. Suppose -5 = -p*l + 111. What is the units digit of l?
9
Let r = -3304 - -6420. What is the units digit of r?
6
Suppose -14*i + 12*i = -4*j - 12, j = -i. What is the units digit of 6/j*(10 - 2380/15)?
6
Let d = 18194 - 13979. What is the tens digit of d?
1
Suppose -32*n + 24 = -20*n. Suppose n*s - s = 463. What is the units digit of s?
3
Let c(m) be the first derivative of -7*m**5/60 - 3*m**4/8 - 4*m**3/3 + 24. Let h(v) be the third derivative of c(v). What is the tens digit of h(-3)?
3
Suppose 0 = l + 1, y + l = -0*l + 47453. What is the ten thousands digit of y?
4
Suppose -7*n + 4*n = -6. Suppose 0 = 5*v - n*v, w - v = 50. What is the units digit of w?
0
Let t be (-27 - 3)/(6 + 2 + -6). Let s(r) = 9*r**2 + 37*r + 34. What is the tens digit of s(t)?
0
Suppose -5*n - i + 13829 = 0, 4*i - 305 = -3*n + 7989. What is the hundreds digit of n?
7
Let m(k) = 3*k**2 + 8*k + 4. Let f be m(-5). Let w = f + -65. What is the units digit of 1*w/4*-6?
9
Let x = 4333 + -1431. Suppose -39*p + 11677 = x. What is the units digit of p?
5
Suppose l - 883 = -g, -g - 698 = 3*l - 3347. What is the units digit of l?
3
Let j(h) = h**3 + 24*h**2 - 27*h + 676. Let b be j(-26). Let n be (-2)/(-3) - 85/(-3). Let t = b + n. What is the tens digit of t?
5
Suppose 3*a - 2699 = -4*h + 1955, a = -2. What is the units digit of h?
5
Suppose -4*s = 0, -3*s + 2750 = 5*v - 0*v. Suppose 3*g - v = -5*k, 2*g - k - 392 = 2*k. What is the hundreds digit of g?
1
Let d(t) be the first derivative of -t**2 + 148*t - 20. What is the units digit of d(33)?
2
Let n(d) be the first derivative of 113*d**2 - 13*d - 68. What is the tens digit of n(2)?
3
Let v = 164769 - 106716. What is the thousands digit of v?
8
Suppose -61*b - 5 = -62*b. Suppose -b*o + 5 + 20 = 0. Suppose 0 = -2*u + 7*p - 11*p + 250, 2*p = o*u - 637. What is the hundreds digit of u?
1
Let l = -19780 - -29843. What is the units digit of l?
3
Let s(y) = y**3 + 5*y**2 + 4*y. Let f be s(-4). Suppose -4*d + 14 = -5*a, f = -3*d - 2*d - 3*a + 36. Let h = d + 27. What is the units digit of h?
3
Let n(a) = -1456*a + 3154. What is the hundreds digit of n(-30)?
8
Let f = 2140 + -1423. What is the units digit of f?
7
What is the ten thousands digit of (-208888)/(-14) + (20 - 2192/112)?
1
What is the thousands digit of (-8)/(0 - -2) - (-6142 + 4)?
6
Let z be 2/(4/276*6). Let r = 28 - z. Suppose -c = -3*q + 77, q + 4*q = r*c + 125. What is the tens digit of q?
2
Suppose 6*i + 6528 = -11*i. Let u = 46 - i. What is the tens digit of u?
3
What is the units digit of (-5353)/(-1) + ((-2)/12)/(4/(-24))?
4
Let q(n) = n**2 + 3. Let c be q(0). Suppose 0*t + 4*t - 48 = -4*l, -2*l + 31 = c*t. What is the units digit of ((-20)/t)/((-32)/112)?
0
Suppose -10*i - 2837 = -11*i - 3*v, 2*i - v - 5639 = 0. What is the hundreds digit of i?
8
Suppose 371*k - 7828640 - 1389968 = 0. What is the units digit of k?
8
What is the hundreds digit of (953*18)/(89 + -87)?
5
Let r(y) = -y**2 - 20*y + 1073. Let k(b) = -b**3 + b**2 + 6*b. Let l be k(3). What is the thousands digit of r(l)?
1
What is the tens digit of (2/(-2 + 4))/(-20*19/(-11125640))?
7
Suppose -1022 = 27*j + 1678. What is the units digit of 20/j